152126 and 58?
58
Calculate the highest common factor of 3004 and 332693.
751
Calculate the greatest common divisor of 403 and 2041.
13
Calculate the greatest common factor of 1260 and 513660.
420
Calculate the greatest common divisor of 8071 and 259.
7
What is the greatest common factor of 27 and 125481?
3
Calculate the highest common factor of 288164 and 976.
244
Calculate the greatest common factor of 34500 and 966.
138
What is the highest common divisor of 300 and 24520?
20
What is the highest common factor of 31569 and 51?
51
What is the greatest common factor of 276830 and 95?
95
Calculate the greatest common factor of 24831 and 623.
89
What is the greatest common factor of 200 and 11560?
40
Calculate the highest common factor of 1682 and 58.
58
Calculate the greatest common divisor of 7 and 11321.
1
What is the highest common factor of 114190 and 2755?
95
What is the greatest common factor of 288 and 40224?
96
Calculate the highest common factor of 35383 and 164.
41
Calculate the greatest common divisor of 36 and 310818.
6
What is the greatest common divisor of 2432 and 19000?
152
What is the greatest common divisor of 2240224 and 1533?
511
What is the highest common factor of 114 and 5649783?
57
What is the highest common factor of 1 and 294846?
1
What is the greatest common divisor of 345 and 93955?
115
Calculate the highest common factor of 24715 and 640.
5
Calculate the greatest common factor of 3 and 659751.
3
Calculate the highest common factor of 2623 and 1591.
43
Calculate the greatest common divisor of 151292 and 436.
436
What is the greatest common divisor of 185 and 42550?
185
Calculate the highest common divisor of 14 and 469469.
7
What is the highest common divisor of 1575436 and 12?
4
What is the highest common factor of 1740 and 690?
30
What is the greatest common divisor of 612 and 15534?
18
Calculate the greatest common factor of 26 and 37271.
13
Calculate the greatest common factor of 3205384 and 1768.
1768
Calculate the greatest common divisor of 1837 and 196058.
167
Calculate the highest common factor of 320565 and 602.
301
Calculate the highest common factor of 31395 and 312.
39
Calculate the greatest common factor of 12801 and 76053.
753
Calculate the greatest common divisor of 53816 and 21.
7
Calculate the greatest common factor of 624 and 12792.
312
Calculate the highest common divisor of 14908140 and 15.
15
What is the highest common divisor of 163744 and 119?
119
What is the highest common divisor of 92 and 29644?
4
What is the greatest common factor of 96 and 2300784?
48
Calculate the highest common divisor of 5825 and 1900.
25
Calculate the greatest common factor of 21 and 574707.
21
Calculate the greatest common divisor of 815253 and 1986.
993
What is the highest common divisor of 4827515 and 385?
385
Calculate the greatest common divisor of 286120 and 2300.
460
What is the highest common factor of 142 and 19122?
2
What is the highest common divisor of 65 and 19418165?
65
What is the highest common divisor of 15 and 8989635?
15
Calculate the greatest common divisor of 2229 and 3.
3
Calculate the highest common factor of 2 and 42533.
1
What is the highest common factor of 9138 and 26?
2
Calculate the greatest common factor of 2919486 and 6.
6
What is the greatest common factor of 8494 and 279?
31
What is the highest common divisor of 358248 and 885?
177
Calculate the highest common factor of 64 and 14908.
4
What is the highest common factor of 13563 and 16440?
411
What is the greatest common divisor of 89552 and 80968?
232
What is the highest common factor of 1282605 and 210?
15
What is the greatest common divisor of 181611 and 612?
153
What is the greatest common divisor of 97877 and 13?
13
Calculate the greatest common divisor of 1728 and 24576.
192
Calculate the highest common factor of 24 and 241752.
24
Calculate the highest common factor of 1425 and 57285.
285
Calculate the highest common factor of 2 and 233074.
2
What is the highest common divisor of 17934 and 549?
183
Calculate the highest common factor of 59161 and 201.
67
Calculate the highest common divisor of 21 and 8373.
3
What is the highest common divisor of 1934 and 3282965?
967
What is the greatest common factor of 2220 and 1070?
10
What is the highest common factor of 287 and 332264?
41
Calculate the highest common divisor of 1002 and 138.
6
What is the highest common divisor of 6881645 and 41?
41
Calculate the greatest common divisor of 481 and 1703.
13
Calculate the greatest common factor of 760 and 11875.
95
Calculate the highest common factor of 38208 and 8448.
192
What is the greatest common divisor of 3956 and 163228?
172
Calculate the greatest common factor of 9517 and 261871.
307
What is the greatest common divisor of 619875 and 522?
261
Calculate the greatest common factor of 3800 and 1500.
100
Calculate the highest common factor of 8 and 730184.
8
What is the highest common factor of 59768 and 8928?
248
What is the highest common factor of 14949 and 1412001?
1359
Calculate the greatest common divisor of 1916 and 107775.
479
What is the highest common factor of 2839497 and 237?
237
Calculate the greatest common factor of 7511 and 333.
37
What is the highest common divisor of 648 and 45000?
72
What is the highest common factor of 427 and 247538?
61
Calculate the highest common factor of 1696 and 160696.
424
Calculate the greatest common divisor of 10977 and 75.
3
Calculate the greatest common divisor of 89 and 82681.
89
Calculate the greatest common factor of 16452 and 2628.
36
What is the greatest common divisor of 8615 and 10?
5
What is the highest common divisor of 84 and 15672?
12
What is the highest common divisor of 180504 and 264?
24
Calculate the highest common divisor of 30 and 3391965.
15
What is the greatest common divisor of 73129 and 337?
337
What is the highest common divisor of 14022801 and 193?
193
Calculate the highest common divisor of 59924 and 213.
71
What is the highest common divisor of 5566 and 3887?
23
Calculate the highest common factor of 647 and 7054241.
647
What is the greatest common divisor of 6095 and 575?
115
Calculate the highest common factor of 967996 and 16.
4
Calculate the greatest common divisor of 420 and 2167200.
420
Calculate the greatest common factor of 235 and 7397095.
235
Calculate the greatest common divisor of 4014 and 88754.
446
What is the greatest common factor of 7693 and 2983?
157
Calculate the greatest common factor of 1241 and 85.
17
Calculate the highest common divisor of 429 and 1903.
11
Calculate the highest common factor of 3625727 and 413.
413
What is the highest common divisor of 2875197 and 53?
53
Calculate the highest common divisor of 580 and 360122.
58
Calculate the highest common divisor of 312 and 1608.
24
What is the greatest common divisor of 2 and 13151?
1
What is the greatest common divisor of 33 and 456423?
33
What is the highest common factor of 33 and 461?
1
What is the greatest common divisor of 107 and 192386?
107
Calculate the greatest common factor of 225926 and 83.
83
What is the greatest common factor of 502767 and 108?
27
What is the highest common factor of 2083004 and 924?
308
Calculate the highest common factor of 156 and 37284.
156
Calculate the greatest common divisor of 57 and 402553.
19
Calculate the greatest common divisor of 1824 and 20805.
57
Calculate the greatest common factor of 11700 and 153.
9
What is the greatest common divisor of 1049022 and 234?
234
What is the greatest common divisor of 15 and 32415?
15
What is the greatest common divisor of 1600072 and 64?
8
Calculate the highest common divisor of 596 and 383228.
596
What is the highest common factor of 48 and 1370816?
16
Calculate the highest common divisor of 38 and 10051.
19
What is the greatest common divisor of 57 and 327?
3
Calculate the greatest common divisor of 114 and 3219094.
38
What is the highest common divisor of 75 and 15855?
15
Calculate the highest common divisor of 3350 and 1273.
67
What is the greatest common divisor of 1268750 and 58?
58
What is the greatest common divisor of 21665 and 455?
35
What is the greatest common divisor of 150867 and 18?
9
What is the highest common factor of 805 and 49565?
115
Calculate the greatest common divisor of 20 and 63764.
4
Ca